
3, 43253347
List the prime factors of 4785131332.
2, 43, 863, 32237
List the prime factors of 34443195.
3, 5, 2296213
List the prime factors of 12359690.
2, 5, 7, 19, 9293
What are the prime factors of 48874571?
157, 311303
List the prime factors of 2168521669.
2168521669
List the prime factors of 441391351.
6301, 70051
List the prime factors of 4452642169.
113, 39403913
What are the prime factors of 2936071319?
1543, 1902833
List the prime factors of 6433632673.
13, 494894821
What are the prime factors of 2348323597?
2348323597
What are the prime factors of 1206408648?
2, 3, 19, 31, 2753
What are the prime factors of 290689199?
1481, 196279
What are the prime factors of 79487810?
2, 5, 47, 53, 3191
List the prime factors of 74574484.
2, 67, 463, 601
List the prime factors of 197577495.
3, 5, 1463537
What are the prime factors of 125902776?
2, 3, 521, 10069
What are the prime factors of 73666943?
7, 31, 48497
List the prime factors of 6336415592.
2, 13, 3109, 19597
List the prime factors of 1596011020.
2, 5, 19, 67, 62687
What are the prime factors of 169461193?
11, 53, 290671
What are the prime factors of 43997574?
2, 3, 23, 318823
List the prime factors of 966031456.
2, 13, 401, 5791
List the prime factors of 655544940.
2, 3, 5, 10925749
List the prime factors of 959566318.
2, 479783159
What are the prime factors of 225942862?
2, 112971431
List the prime factors of 691764259.
41, 383, 44053
What are the prime factors of 3275708264?
2, 311, 1316603
What are the prime factors of 84699226?
2, 19, 2228927
List the prime factors of 5329523.
1451, 3673
What are the prime factors of 307316680?
2, 5, 11, 698447
List the prime factors of 1108089324.
2, 3, 30780259
List the prime factors of 202767171.
3, 131, 337, 1531
What are the prime factors of 1745254843?
277, 6300559
List the prime factors of 73401272.
2, 7, 719, 1823
What are the prime factors of 579372331?
1429, 405439
What are the prime factors of 3363270239?
7, 79, 479, 12697
List the prime factors of 144505082.
2, 72252541
What are the prime factors of 3427547056?
2, 61, 57571
List the prime factors of 60448074.
2, 3, 10074679
What are the prime factors of 9305239?
17, 31, 17657
What are the prime factors of 335544313?
13, 19, 1358479
List the prime factors of 287233652.
2, 137, 524149
What are the prime factors of 460070368?
2, 2237, 6427
List the prime factors of 414245787.
3, 138081929
List the prime factors of 1180326710.
2, 5, 199, 449, 1321
What are the prime factors of 51071331?
3, 17023777
What are the prime factors of 142174530?
2, 3, 5, 19, 29, 47, 61
What are the prime factors of 736585917?
3, 245528639
What are the prime factors of 12393313?
12393313
List the prime factors of 1550630006.
2, 775315003
What are the prime factors of 652676591?
7, 79, 1180247
List the prime factors of 62358446.
2, 239, 130457
List the prime factors of 38087093.
11, 73, 47431
What are the prime factors of 411245515?
5, 82249103
What are the prime factors of 1154459448?
2, 3, 173, 92683
What are the prime factors of 2944882573?
233, 661, 19121
List the prime factors of 144357660.
2, 3, 5, 23, 59, 197
What are the prime factors of 71860436?
2, 17965109
What are the prime factors of 3408097559?
17, 89, 991, 2273
What are the prime factors of 132237426?
2, 3, 83, 131, 2027
What are the prime factors of 1407313248?
2, 3, 11, 97, 1249
What are the prime factors of 2884153986?
2, 3, 7, 7630037
List the prime factors of 1815003486.
2, 3, 100833527
List the prime factors of 6703082190.
2, 3, 5, 7, 47, 226379
What are the prime factors of 58308466?
2, 71, 410623
List the prime factors of 445470833.
433, 467, 2203
List the prime factors of 408529257.
3, 659, 206641
What are the prime factors of 22651822?
2, 11325911
What are the prime factors of 1876731265?
5, 97, 409, 9461
List the prime factors of 309735640.
2, 5, 47, 67, 2459
What are the prime factors of 1894752675?
3, 5, 19, 147739
List the prime factors of 1907064849.
3, 23, 139, 198839
What are the prime factors of 1373327342?
2, 31, 1039, 21319
What are the prime factors of 275721876?
2, 3, 73, 104917
List the prime factors of 5760906380.
2, 5, 7219, 39901
What are the prime factors of 2177790147?
3, 13, 18613591
List the prime factors of 154992122.
2, 77496061
What are the prime factors of 1958017122?
2, 3, 211, 515539
List the prime factors of 231057185.
5, 46211437
List the prime factors of 2359753685.
5, 1493, 316109
List the prime factors of 129829017.
3, 17, 89, 28603
What are the prime factors of 1272466196?
2, 318116549
What are the prime factors of 2386602694?
2, 7, 170471621
What are the prime factors of 56287846?
2, 239, 117757
What are the prime factors of 601484083?
19, 1061, 29837
What are the prime factors of 78779567?
19, 47, 1877
What are the prime factors of 89936514?
2, 3, 167, 9973
What are the prime factors of 1100860160?
2, 5, 17, 50591
List the prime factors of 12381399.
3, 67, 20533
What are the prime factors of 32987810?
2, 5, 103, 32027
What are the prime factors of 145017925?
5, 13, 137, 3257
What are the prime factors of 845213?
397, 2129
What are the prime factors of 409587726?
2, 3, 23, 2968027
What are the prime factors of 803031?
3, 267677
What are the prime factors of 3805194101?
3805194101
What are the prime factors of 6926942?
2, 11, 179, 1759
What are the prime factors of 80807826?
2, 3, 11, 103, 11887
List the prime factors of 2466097760.
2, 5, 7, 277, 7949
List the prime factors of 44249030.
2, 5, 7, 233, 2713
What are the prime factors of 418476179?
11, 37, 109, 9433
What are the prime factors of 129716553?
3, 19, 479, 4751
What are the prime factors of 58357587?
3, 73, 439, 607
What are the prime factors of 46369021?
353, 131357
What are the prime factors of 1356825132?
2, 3, 13, 2899199
List the prime factors of 127964938.
2, 107, 597967
What are the prime factors of 144901851?
3, 131, 307, 1201
List the prime factors of 59459777.
13, 37, 257
What are the prime factors of 17109263?
23, 743881
List the prime factors of 4122952.
2, 515369
List the prime factors of 5749349825.
5, 83, 2770771
What are the prime factors of 19205446?
2, 13, 379, 1949
What are the prime factors of 3876562567?
3876562567
List the prime factors of 2033004085.
5, 7, 19, 97, 31517
List the prime factors of 913129460.
2, 5, 6733, 6781
What are the prime factors of 36500775?
3, 5, 486677
What are the prime factors of 282329684?
2, 7, 13, 37, 20963
List the prime factors of 209452141.
209452141
What are the prime factors of 283619797?
29, 9779993
List the prime factors of 182797935.
3, 5, 2797, 4357
What are the prime factors of 15823067?
13, 19, 29, 47
List the prime factors of 1406373972.
2, 3, 157, 746483
What are the prime factors of 298331599?
298331599
List the prime factors of 55313587.
7, 859, 9199
List the prime factors of 43665650.
2, 5, 7, 124759
What are the prime factors of 462828342?
2, 3, 29, 677, 3929
List the prime factors of 41571516.
2, 3, 7, 494899
List the prime factors of 460199018.
2, 211, 1090519
What are the prime factors of 907900116?
2, 3, 67, 1129229
List the prime factors of 251047294.
2, 37, 137, 24763
List the prime factors of 897771791.
7, 5449, 23537
What are the prime factors of 85506616?
2, 13, 29, 28351
What are the prime factors of 8057939?
181, 44519
What are the prime factors of 36816261?
3, 23, 149, 3581
List the prime factors of 173828603.
13, 13371431
What are the prime factors of 1097314722?
2, 3, 7, 414707
What are the prime factors of 380662432?
2, 653, 18217
List the prime factors of 4336161130.
2, 5, 7, 2797, 22147
List the prime factors of 426756610.
2, 5, 7, 17, 61, 5879
What are the prime factors of 83906680?
2, 5, 11, 13, 14669
List the prime factors of 209865378.
2, 3, 34977563
What are the prime factors of 705054551?
705054551
List the prime factors of 91469687.
6949, 13163
List the prime factors of 2125216247.
7, 11, 251, 109961
List the prime factors of 4397116441.
181, 809, 30029
What are the prime factors of 33494366?
2, 16747183
List the prime factors of 599960734.
2, 47, 59, 108179
What are the prime factors of 437443235?
5, 17, 5146391
List the prime factors of 3114336263.
3114336263
What are the prime factors of 289247317?
19, 15223543
List the prime factors of 2351326342.
2, 1